{"id":6536,"date":"2026-03-31T22:55:25","date_gmt":"2026-03-31T22:55:25","guid":{"rendered":"http:\/\/www.distribucionesjas.com.mx\/product\/producto\/"},"modified":"2026-03-31T22:56:39","modified_gmt":"2026-03-31T22:56:39","slug":"truper-17449-moto-tool-profesiona-150w-150-w","status":"publish","type":"product","link":"https:\/\/distribucionesjas.com.mx\/?product=truper-17449-moto-tool-profesiona-150w-150-w","title":{"rendered":"Truper 17449 Moto Tool Profesiona 150w 150 W"},"content":{"rendered":"<p>Este mototool es la herramienta multifuncional perfecta para que realices tus proyectos favoritos. Gracias a sus accesorios, podr\u00e1s hacer diversas tareas y trabajar con distintos materiales.<\/p>\n<p>Con el mototool Truper podr\u00e1s realizar cortes, pulidos y grabados precisos. Al ser f\u00e1cil de manipular y de un material resistente, podr\u00e1s realizar trabajos en varios materiales sin dificultades.<\/p>\n","protected":false},"excerpt":{"rendered":"<p>Este mototool es la herramienta multifuncional perfecta para que realices tus proyectos favoritos. Gracias a sus accesorios, podr\u00e1s hacer diversas tareas y trabajar con distintos&#8230;<\/p>\n","protected":false},"featured_media":6537,"comment_status":"open","ping_status":"closed","template":"","meta":[],"etheme_brands":[],"product_brand":[],"product_cat":[68],"product_tag":[],"class_list":{"0":"post-6536","1":"product","2":"type-product","3":"status-publish","4":"has-post-thumbnail","6":"product_cat-herramientas-electricas-mlm2526","8":"first","9":"instock","10":"shipping-taxable","11":"purchasable","12":"product-type-variable"},"jetpack_sharing_enabled":true,"_links":{"self":[{"href":"https:\/\/distribucionesjas.com.mx\/index.php?rest_route=\/wp\/v2\/product\/6536","targetHints":{"allow":["GET"]}}],"collection":[{"href":"https:\/\/distribucionesjas.com.mx\/index.php?rest_route=\/wp\/v2\/product"}],"about":[{"href":"https:\/\/distribucionesjas.com.mx\/index.php?rest_route=\/wp\/v2\/types\/product"}],"replies":[{"embeddable":true,"href":"https:\/\/distribucionesjas.com.mx\/index.php?rest_route=%2Fwp%2Fv2%2Fcomments&post=6536"}],"version-history":[{"count":1,"href":"https:\/\/distribucionesjas.com.mx\/index.php?rest_route=\/wp\/v2\/product\/6536\/revisions"}],"predecessor-version":[{"id":6543,"href":"https:\/\/distribucionesjas.com.mx\/index.php?rest_route=\/wp\/v2\/product\/6536\/revisions\/6543"}],"wp:featuredmedia":[{"embeddable":true,"href":"https:\/\/distribucionesjas.com.mx\/index.php?rest_route=\/wp\/v2\/media\/6537"}],"wp:attachment":[{"href":"https:\/\/distribucionesjas.com.mx\/index.php?rest_route=%2Fwp%2Fv2%2Fmedia&parent=6536"}],"wp:term":[{"taxonomy":"brand","embeddable":true,"href":"https:\/\/distribucionesjas.com.mx\/index.php?rest_route=%2Fwp%2Fv2%2Fetheme_brands&post=6536"},{"taxonomy":"product_brand","embeddable":true,"href":"https:\/\/distribucionesjas.com.mx\/index.php?rest_route=%2Fwp%2Fv2%2Fproduct_brand&post=6536"},{"taxonomy":"product_cat","embeddable":true,"href":"https:\/\/distribucionesjas.com.mx\/index.php?rest_route=%2Fwp%2Fv2%2Fproduct_cat&post=6536"},{"taxonomy":"product_tag","embeddable":true,"href":"https:\/\/distribucionesjas.com.mx\/index.php?rest_route=%2Fwp%2Fv2%2Fproduct_tag&post=6536"}],"curies":[{"name":"wp","href":"https:\/\/api.w.org\/{rel}","templated":true}]}}